{"id":30,"date":"2015-09-06T21:39:27","date_gmt":"2015-09-06T19:39:27","guid":{"rendered":"http:\/\/geist-supervision.de\/?page_id=30"},"modified":"2015-09-06T21:39:27","modified_gmt":"2015-09-06T19:39:27","slug":"person","status":"publish","type":"page","link":"https:\/\/geist-supervision.de\/?page_id=30","title":{"rendered":"person"},"content":{"rendered":"<p>In meine Supervisionst\u00e4tigkeit flie\u00dfen Erfahrungen ein, die ich aus meiner langj\u00e4hrigen T\u00e4tigkeit in der Kinder- und Jugendhilfe mitbringe als:<\/p>\n<ul>\n<li>Qualit\u00e4tsmanagementbeauftragte<\/li>\n<li>Bildungsreferentin<\/li>\n<li>Erlebnisp\u00e4dagogin<\/li>\n<li>Referentin f\u00fcr geschlechtergerechte Jugendarbeit<\/li>\n<li>Kinderschutzfachkraft (Schutzauftrag bei Kindeswohlgef\u00e4hrdung \u00a7 8a SGB VIII)<\/li>\n<li>Pr\u00e4ventionsbeauftragte<\/li>\n<li>Erzieherin<\/li>\n<\/ul>\n<p>Meine Arbeit ist gepr\u00e4gt durch die systemische Sichtweise und verschiedene Ans\u00e4tze der humanistischen Psychologie, besonders der Themenzentrierten Interaktion (TZI).<\/p>\n<p>Ich arbeite f\u00e4higkeitsaktivierend und ressourcenorientiert.<\/p>\n<p>Aus meinem vielf\u00e4ltigen Repertoire w\u00e4hle ich je nach Kontext die passende Methode aus, die den Prozess und die Reflexion unterst\u00fctzen.<\/p>\n<p>Ich begleite Sie bei Ihren Anliegen mit Klarheit, Offenheit und Empathie.<\/p>\n","protected":false},"excerpt":{"rendered":"<p>In meine Supervisionst\u00e4tigkeit flie\u00dfen Erfahrungen ein, die ich aus meiner langj\u00e4hrigen T\u00e4tigkeit in der Kinder- und Jugendhilfe mitbringe als: Qualit\u00e4tsmanagementbeauftragte Bildungsreferentin Erlebnisp\u00e4dagogin Referentin f\u00fcr geschlechtergerechte Jugendarbeit Kinderschutzfachkraft (Schutzauftrag bei Kindeswohlgef\u00e4hrdung \u00a7 8a SGB VIII) Pr\u00e4ventionsbeauftragte Erzieherin Meine Arbeit ist gepr\u00e4gt durch die systemische Sichtweise und verschiedene Ans\u00e4tze der humanistischen Psychologie, besonders der Themenzentrierten Interaktion (TZI). &hellip; <a href=\"https:\/\/geist-supervision.de\/?page_id=30\" class=\"more-link\"><span class=\"screen-reader-text\">person<\/span> weiterlesen <span class=\"meta-nav\">&rarr;<\/span><\/a><\/p>\n","protected":false},"author":1,"featured_media":0,"parent":0,"menu_order":0,"comment_status":"closed","ping_status":"closed","template":"","meta":{"footnotes":""},"_links":{"self":[{"href":"https:\/\/geist-supervision.de\/index.php?rest_route=\/wp\/v2\/pages\/30"}],"collection":[{"href":"https:\/\/geist-supervision.de\/index.php?rest_route=\/wp\/v2\/pages"}],"about":[{"href":"https:\/\/geist-supervision.de\/index.php?rest_route=\/wp\/v2\/types\/page"}],"author":[{"embeddable":true,"href":"https:\/\/geist-supervision.de\/index.php?rest_route=\/wp\/v2\/users\/1"}],"replies":[{"embeddable":true,"href":"https:\/\/geist-supervision.de\/index.php?rest_route=%2Fwp%2Fv2%2Fcomments&post=30"}],"version-history":[{"count":1,"href":"https:\/\/geist-supervision.de\/index.php?rest_route=\/wp\/v2\/pages\/30\/revisions"}],"predecessor-version":[{"id":31,"href":"https:\/\/geist-supervision.de\/index.php?rest_route=\/wp\/v2\/pages\/30\/revisions\/31"}],"wp:attachment":[{"href":"https:\/\/geist-supervision.de\/index.php?rest_route=%2Fwp%2Fv2%2Fmedia&parent=30"}],"curies":[{"name":"wp","href":"https:\/\/api.w.org\/{rel}","templated":true}]}}